 = 30810. Let l = t - -2575. Is l composite?
False
Suppose 21*t + 46*t + 1160359 - 18129918 = 0. Is t composite?
True
Let p(h) = 51220*h - 47. Is p(1) composite?
True
Let a(k) = 2*k + 1. Let d(g) = 114*g - 26. Let h(l) = -5*a(l) - d(l). Is h(-5) prime?
True
Let p(r) = 15*r**2 - 6*r**2 + 31*r - 3 + 23*r**3 - 47*r**3 + 21*r**3. Is p(-10) composite?
True
Suppose 0 = 16*x + 695268 - 214900. Is (x/(-14))/(4/8) prime?
True
Let x = -72773 - -175534. Is x prime?
True
Suppose 5*c = -4*k + 101513, 54*k - 50*k - 2*c = 101562. Is k a composite number?
True
Let m(v) = -v**3 + 7*v**2 - 2*v + 13. Let a = 51 + -44. Let d be m(a). Is -226*(d - 12/8) a prime number?
False
Suppose -2*f = -0*t - t, 5*f = -3*t + 22. Suppose 0 = -f*n - 6, 16*a - 12*a - 3*n - 913 = 0. Is a composite?
True
Let p = 37073 - 26200. Is p a prime number?
False
Suppose 2*s = -4*j, 4*j - 18 = 4*s - 42. Suppose 43918 = -s*q - 10910. Is 16/(-40) - q/5 prime?
True
Let a(g) = 2*g**2 - 10*g - 8. Let x be a(6). Suppose -4*z - x*z = -10208. Suppose -2*f = -238 - z. Is f prime?
True
Suppose -9*z + 215894 - 1073 = 0. Is z a prime number?
True
Suppose -16*j = -282286 + 99710. Let l = j + -7252. Is l composite?
False
Suppose 37*j - 2261650 = -549993. Is j a prime number?
True
Suppose 14245875 = 94*m - 945559. Is m a prime number?
True
Suppose 3*p + 6 = -g + p, 5*g + p - 15 = 0. Let d(o) = 3*o + 30. Let m be d(-13). Is (4/m)/(g/(-18)) + 5171 composite?
True
Let l(z) = 5761*z**2 + 107*z - 9. Is l(-10) a prime number?
False
Let p(o) be the second derivative of 615*o**3/2 - 263*o**2/2 + 34*o. Is p(5) a composite number?
True
Suppose -236 = -3*o - m, 52 = o - m - 28. Suppose -o*j = -78*j - 15. Is j composite?
True
Let g be 2898121/(-5) + -6*(-6)/180. Is 1/(-11) + g/(-132) a prime number?
True
Let m(h) = -h**3 - h**2 + 5*h - 2. Let p be m(-4). Suppose 3*t - p = -8. Is 7282/t - (-4)/(-6) - 0 a composite number?
False
Let h = -571 - -860. Suppose 21*k - 795 = 1263. Let o = h - k. Is o a composite number?
False
Let q = 250620 + -144029. Is q composite?
False
Suppose 0*f - 22426 = -5*s + 4*f, 3*s - 13455 = 3*f. Suppose -3*y + 5*z = -s - 6952, 5*y - 5*z - 19060 = 0. Is y composite?
True
Let k(t) = t + 2. Let v(i) = -i**2 - 6*i - 8. Let s(h) = -11*k(h) - 2*v(h). Let m be 2 + -2 - 3 - 1. Is s(m) a composite number?
True
Suppose -9*j = -250702 - 1151308 - 547057. Is j prime?
False
Suppose i + 0*i - 5*z - 3310 = 0, 5*i = -3*z + 16578. Suppose -150 = q - i. Suppose 0 = 7*r - 12*r + q. Is r a composite number?
True
Suppose -18*y + 12*y - 72 = 0. Is 46035/12 - y/16 composite?
True
Is (3*2/12)/(34/2426852) composite?
True
Suppose 2*w - 2*x = 5*w - 590547, -3*x - 590502 = -3*w. Is w composite?
True
Let y = -489 - -886. Is y composite?
False
Let z = -188 - -196. Suppose -z*f + 22*f - 97958 = 0. Is f a prime number?
True
Let r(t) = 360*t**2 - t - 10. Let q be r(3). Suppose 10*i - 21363 - q = 0. Is i a composite number?
False
Let k = 315 + -163. Suppose 709 - k = m. Is m a composite number?
False
Is -204436*((-27)/(-216) + (-12)/32) composite?
False
Suppose -11 = -3*b - 2*g, b = 6*g - 3*g + 11. Suppose b*a - 62987 - 56654 = -u, 3*a = -5*u + 71767. Is a a prime number?
True
Let l = -3790 + 5838. Suppose -z = 3*d - 412, -2*d - d + l = 5*z. Let j = 178 + z. Is j composite?
False
Let w be (-4)/5 + (-96)/(-20). Suppose -4*v = w*n - 8, 2*n = -n - 5*v + 4. Is 39/(0 + n) + -4 composite?
True
Let l = 281211 + -116428. Is l a prime number?
False
Let f(i) = -155 - 18*i**3 + 53 - 7*i + 48 - 4*i**2 + 55. Is f(-4) a prime number?
True
Let o = 14983 - -8532. Is o a prime number?
False
Let b(v) = -v**2 - 14*v - 22. Let d be b(-10). Let p(r) = 12*r + d*r + 29*r - 24. Is p(7) a composite number?
False
Let m(t) = 531098*t + 1403. Is m(2) a composite number?
True
Is (-95243868)/(-48) + 4 + 68/(-16) a prime number?
True
Let j(y) = -41*y**3 + 18*y**2 + 46*y + 68. Is j(-27) a prime number?
False
Suppose 151*o - 274*o = -143*o + 933020. Is o prime?
False
Suppose -112279 = -26*y + 727866 - 109259. Is y prime?
True
Let c be 4/(-10) + 1614/10. Let j = c + -16. Is j prime?
False
Let i(c) = -1323*c + 57. Let k be i(-7). Suppose 0 = 5*q - k - 11487. Let b = -2824 + q. Is b a composite number?
True
Let t(p) = 131*p**3 + 4*p**2 - 3*p - 1. Let v be 2*((-1533)/28)/((-3)/(-2)). Let h = v - -76. Is t(h) a prime number?
False
Suppose -510242 = -74*o + 349712. Is o a prime number?
True
Let y be 4/6*(-33)/22. Let c(j) = 327*j**2 + 4*j + 5. Let m be c(y). Suppose -6*s + 5*l + 155 = -4*s, 0 = 4*s - 4*l - m. Is s a composite number?
True
Let k(p) = p**3 - 13*p**2 - p + 13. Let r(a) = -a**2 + 14*a + 13. Let u be r(14). Let v be k(u). Is 5276/4 - (0 + v) a prime number?
True
Let m(u) = -34*u**3 - 63*u**2 - u - 2. Let t(q) = 15*q**3 + 31*q**2 + 1. Let c(j) = 4*m(j) + 9*t(j). Is c(25) composite?
False
Suppose -7*m = -4*l - 378137, -216122 = -4*m - 15*l + 10*l. Is m a composite number?
True
Suppose -5*c = -5*q - 956754 - 372476, q = 4*c - 1063393. Is c composite?
True
Is (-2 - 0/(-2))/((-704)/46607264) a composite number?
True
Is (9 - 0) + (-26114004)/(-48) + 1/4 prime?
False
Let s(g) = 2*g + 10. Let r be s(8). Suppose -r*d + 19*d = -1442. Is d composite?
True
Let f = 26037 - 15982. Is f prime?
False
Suppose -3*i + 3 = -3*g, 5*i + 6 - 43 = -3*g. Suppose b + g*b = 3*d - 365, 0 = 4*d - 4*b - 476. Is d composite?
True
Suppose 43269 - 130949 = 16*m. Let d = m + 10109. Is d a composite number?
True
Let n(m) = m**2 + 9*m + 7. Let f be n(-3). Let d(t) = -t - 8. Let c be d(f). Suppose -5*o + 2*b = -1115, 2*o + c*b - 549 = -103. Is o a prime number?
True
Suppose 2*n + 55 = -1667. Let p = 3680 + n. Is p prime?
True
Suppose -5*j = 2 - 27. Let z(d) = 41*d**2 - 14*d + 16. Is z(j) a composite number?
False
Let n(h) = h**3 - 5*h**2 + 4*h - 18. Let l be n(5). Suppose -2*b - 3*u = -7*b + 9, 3 = -l*b - u. Is -1 + (-1 - b - 1) + 112 prime?
True
Let p(a) = -94*a**2 + 19*a - 41. Let k be p(9). Let v = -3003 - k. Is v a composite number?
False
Suppose -23*g + 29*g = 24. Suppose -3*w - g*i + 7*i = -6798, -2*w - 2*i + 4552 = 0. Is w composite?
True
Let r = -924 - -962. Suppose r*v + 47035 = 43*v. Is v a composite number?
True
Let b(j) be the third derivative of j**5/15 - j**4/3 + 11*j**3/6 + j**2. Let q be ((-15)/(-12))/(2/8). Is b(q) a composite number?
False
Let t = 2779 - -1341. Suppose v + 5*g - 2208 = 0, 3*v + 5*g = 2494 + t. Is v a prime number?
True
Let t = -177 + 177. Suppose -5*a + 4*v + 4186 = -t*a, -3*a - 4*v + 2518 = 0. Is a composite?
True
Suppose 5*w - 14 = -5*f + 31, f - 21 = -4*w. Suppose 6*c + f*c = 6985. Is c composite?
True
Let v = 318041 - 173753. Let d = 80094 - v. Is 4*1/18 + d/(-54) a prime number?
False
Suppose -5*i - 6*x + 89461 = -7*x, -i = -5*x - 17873. Is i composite?
True
Let i be 3/(-18)*(2 + 1 + -9). Is (2917 - -18) + (-4*i - 0) a prime number?
False
Let k(h) = 5*h - 24 + 3*h**2 + 10*h**2 - 6*h - h**3 + 8*h. Let n be k(12). Let c = n - -89. Is c composite?
False
Let p = -85 + 77. Let a(x) = x**3 + 9*x**2 + 7*x - 17. Let t be a(p). Let o(i) = 13*i**2 - 16*i - 28. Is o(t) composite?
True
Let a = -119 + 117. Let c(t) = -626*t + 7. Is c(a) a composite number?
False
Suppose -146582 = -4*q + 3*f, 5*q - 183231 = 247*f - 245*f. Is q a prime number?
False
Suppose 15*m - 10*m + 4*o = 2761, -o + 2222 = 4*m. Is m a composite number?
False
Let b = -105 + 115. Suppose b*x = 73*x - 204813. Is x a composite number?
False
Let b(g) = 2*g**3 + 12*g**2 - 3*g - 44. Is b(-5) prime?
False
Suppose 0 = 2*y - 4*z - 192242, 202715 - 10479 = 2*y + 2*z. Is y a prime number?
False
Let l = -342177 + 645646. Is l composite?
False
Let f(v) be the first derivative of 5*v**3/3 + 8*v**2 - 21*v + 88. Is f(-10) a prime number?
False
Let v be (-4)/(6 - (-475)/(-67370)*851). Suppose -5*c - 1421 = -v. Is c a prime number?
False
Let z = -24 - -28. Suppose 8*w + w = z*w. Suppose -2*t + t + 2*a + 3365 = w, -2*t = 4*a - 6754. Is t a composite number?
False
Let g(i) = -i**3 + 7*i**2 + 9*i - 5. Let x be g(8). Suppose 6*c - 3091 = x*c - m, 4*m - 1012 = -c. Let a = -479 + c. Is a prime?
False
Let x(d) = -d**2 - 1. Let v(o) = o**3 + 18*o**2 + 12*o - 8. Let y(u) = -v(u) - 5*x(u). Suppose 15*r = -9*r - 336. Is y(r) prime?
False
Let n(a) be the first derivative of a**4/4 + 17*a**3/3 - 9*a**2/2 - 9*a - 16. Let 